 is the value of -9 + (7 - -9) + -11?
-4
What is -34 - (-31 + 14 + -20)?
3
-16 - ((-9 - -29) + -42)
6
What is the value of 98 + -106 + (2 - (-1 + 1 - -3))?
-9
4 - (6 + -18 + 7 + 1)
8
((-2 - 3) + -5 + 7 - 6) + -5
-14
What is the value of (-1 - (-7 - (-5 - -11))) + -10?
2
-40 + 50 - (-1 - -16)
-5
Calculate -10 + (4 - -22) - 16.
0
Evaluate 16 - 1 - (2 + -17 + (16 - 4)).
18
What is the value of (1 - 0) + 2 + 13 + 68 + -73?
11
-1 - -4 - (6 + (4 - 2))
-5
What is 40 - 32 - ((-5 - -5) + -1) - -28?
37
-5 - (5 - -17) - (3 - (24 - 20))
-26
Calculate 3 + (-3 - (4 + 11)) + -1.
-16
Evaluate (14 + -8 - 21) + 21.
6
What is the value of 7 + 2 + -16 + -6?
-13
Calculate (8 - (-10 + 21 + 5)) + -6.
-14
What is -11 + (26 - (18 - 13))?
10
Calculate 15 + -21 + 0 + 1 + -1 + 12.
6
What is the value of -3 + 22 + 1 + -71 + 58?
7
-11 - -14 - (-16 - -11)
8
What is the value of -1 + -10 + (6 - (-10 - -7))?
-2
What is the value of -17 + (0 - -18) - ((2 - 1) + -1)?
1
Evaluate -40 + -30 + 88 - -12.
30
11 + 17 + -10 + 3 - 10
11
Evaluate -5 + (-6 - (-3 + (-11 - -10))) + 9.
2
What is (4 + -18 - 15) + 29?
0
Evaluate -1 - (33 + (-28 - 27)).
21
Calculate (-24 - -60 - 34) + (11 - 1).
12
What is the value of -2 + 2 + 149 + -161?
-12
(-13 - (9 - 14)) + 8
0
What is the value of -7 - (5 + 1 - (51 - 56))?
-18
Calculate 6 - (-9 - (-2 - 20)).
-7
What is the value of 6 - 12 - -16 - 19?
-9
Calculate (8 - 24) + 11 - 8.
-13
Calculate (4 - ((5 - -25) + -9) - 1) + 7.
-11
What is -173 + 229 + (-35 - 0)?
21
24 + 4 + -15 + 3 + -7 + -5
4
(-16 - (0 + -23)) + -9
-2
-35 + 35 + (-3 - (-7 - -5)) + -12
-13
What is the value of -2 + (-78 - -41 - (2 - 16))?
-25
Evaluate -11 + (14 + -10 + 7 - -5).
5
Calculate 13 - (-3 + -1 + -9 - -5).
21
Calculate -24 + 25 + (-16 - -4).
-11
Evaluate 5 - (9 + -13 - 1).
10
What is -5 - (12 - -1) - (34 - 35)?
-17
(4 - 5) + -6 + (-6 - -1)
-12
Calculate 2 + -11 + -21 + 36 + 6.
12
What is the value of -5 + -11 + 25 + -6 + -1?
2
-2 - (7 + -8 + -8)
7
What is the value of 29 + -8 - ((-109 - -111) + -1 + 4)?
16
(-8 - -6) + -4 + 1 + 11
6
Calculate -87 + 74 - (-10 - -1) - (-1 + -6).
3
Calculate -1 + -5 - (-5 + (2 - 12) + 17).
-8
Evaluate 3 - -7 - (-12 - -23).
-1
Calculate -12 - (-20 + (-15 - -20)).
3
What is -12 + 0 + 2 + 457 + -454?
-7
Evaluate -4 - -23 - (34 - 5).
-10
What is the value of (-2 - 0) + 12 + -12 + 11 + 3?
12
3 + (-1 + -10 - -27) + (-5 - -1)
15
Calculate -7 + 5 - -2 - -4 - (8 + -5).
1
Evaluate -22 + (-19 - -36) - (-19 + 2).
12
Calculate (19 + -16 - (1 + 3)) + -2.
-3
-25 + 1 + 32 + -3 + -4
1
Calculate (2 - (10 + -22 - 4)) + -43.
-25
Evaluate -119 - -124 - (3 - (2 - -4)).
8
What is the value of 9 - -3 - (-6 + 15)?
3
-2 + (4 - (-5 - (4 - 9))) + 4
6
20 + -21 + -6 + 38
31
(11 + -8 - 17) + 18
4
What is (27 - 29 - (-1 - -12)) + (7 - 3)?
-9
Calculate (1 + -1 - 7) + -631 + 650.
12
(-1 - -4) + -565 + 572
10
Calculate (-12 - -1 - (25 - 32)) + 1 - -4.
1
What is 4 - (-3 - -25 - (-2 + 1 + 7))?
-12
Evaluate 0 + (-3 - (1 - (4 - -2))) + -1.
1
9 + -21 + 2 + -10
-20
(18 - (-6 - -9)) + -2
13
Calculate (-495 - -494 - (5 - (-1 - -2))) + -12.
-17
Evaluate (-15 - -1) + -81 + 94.
-1
Calculate -7 - (6 + -6) - -12.
5
2 - 7 - (30 + 62 + -105)
8
Evaluate 1 + -6 - (6 + -6 + 4).
-9
Evaluate 20 - (44 - 14) - -22.
12
What is the value of -40 - (-30 - (-16 - 5))?
-31
What is the value of (-3 - 8) + (58 - (11 + 35))?
1
What is the value of (2 - (26 - (7 + 10))) + 28?
21
Calculate 29 + -4 + -31 - (0 - 0).
-6
Evaluate -23 + (6 - 0) + 9 - (1 + -1).
-8
-1 + -12 + 13 + -8 + -12
-20
(-1 - 30) + 48 + -3 + (2 - 1)
15
-1 - 5 - ((-3 - -4) + 2 + -3)
-6
What is 9 - (5 + 13 + -8 - 19 - -2)?
16
What is the value of -10 - (-15 - (9 - 8))?
6
Evaluate (14 - (19 - 8)) + 0.
3
What is 63 - 85 - (-37 - -4)?
11
Evaluate 13 + 1 + (18 - 10) + -21.
1
Calculate 8 + -13 + 10 - 7 - 7.
-9
Calculate 2 - -1 - 0 - ((8 - -1) + -10).
4
What is the value of -326 - -308 - ((1 - 1) + 4 + -6)?
-16
What is -18 - (-8 - -3 - 2) - -14?
3
Evaluate -39 - (1 + 1) - (67 - (-72 - -145)).
-35
(-6 - (4 - 2)) + (5 - (6 + -30))
21
Calculate 38 + (18 - 38 - 2).
16
(16 + -8 - (11 - -4)) + -3
-10
Evaluate -1 + -14 - (-205 + 191).
-1
What is the value of -7 + (-1 - -5) - (-1 - -7)?
-9
What is -12 - -24 - -18 - 14?
16
(2 - 15) + 865 + -829
23
Calculate -19 + 4 + 6 + 3 + -4 + 1.
-9
Calculate 13 - (17 - -5 - (11 - 13)).
-11
Calculate (-6 - 0) + 7 + -3 + -3 - 14.
-19
Calculate -1 + -14 + (-3 - (-3 + 5 + -11)).
-9
Evaluate -10 + 9 + 5 + -5.
-1
(0 - 18) + 170 + -146
6
What is 18 + 5 + -41 - (0 - -4)?
-22
What is the value of 7 + 7 + (-24 - -10 - -7)?
7
11 + -26 - -16 - 3
-2
Evaluate 134 + -125 - (4 + (-12 - 1)).
18
Evaluate 2 + 8 - (-19 + (3 - -10 - -1)).
15
(-43 - -48) + -15 + -3 + 48
35
What is the value of (2 - ((-3 - 7) + 13)) + 8?
7
What is the value of -4 - -17 - (-14 + 20) - (-3 - -7)?
3
Calculate -3 + -9 + (-4 + 2 - 2).
-16
Evaluate 0 + -10 + (19 - -7) + 11 + -15.
12
What is the value of 1 - 0 - 6 - (65 - (-68 - -149))?
11
What is 5 - 3 - (-8 - -2)?
8
What is -1 + -5 - (2 - (3 - 8)) - -1?
-12
What is -11 + (14 - (-16 - -8 - -14))?
-3
What is -115 + 124 + (0 + 1 + -1 - 3)?
6
Calculate -41 + 31 + -1 + -6.
-17
Evaluate 0 - -53 - (-239 + 265).
27
Evaluate -2 + 0 + 16 - (-159 + 197).
-24
What is -1 - 0 - (-61 - -58)?
2
Evaluate (0 - -7) + 511 + -515.
3
(29 - 8) + -14 + 1 + -20 + 31
19
What is 11 + 6 + -18 - (0 + -3 + 2)?
0
What is (-326 - -314) + (-3 - 1)?
-16
25 + 8 + 28 + -38
23
Calculate -16 - (-16 + 7 + 1) - -28.
20
Calculate -35 + 15 + 15 - (1 - -2 - 0).
-8
-100 + 111 - (-7 + 11)
7
What is the value of (8 + 0 - (-3 - -4)) + 9 + -2?
14
What is the value of 22 - (11 - -10) - 17?
-16
What is 8 + (-2 - 2) + 1 + 8?
13
What is (8 - (15 + -28 - (0 + -10))) + -32?
-21
-25 + 48 + -36 + (0 - -5)
-8
What is (16 - 12) + 27 + -12?
19
What is the value of 11 + (-13 - -8) + -3 - 3 - -1?
1
What is 4 - (-5 + 16 + -20)?
13
Calculate -12 + 18 - 7 - (2 - 6).
3
What is 8 + 3 + (-4 - -9 - 0 - 7)?
9
What is 28 + (1 - 13 - (-262 - -255))?
23
10 + 6 + -11 + -11 + 8
2
What is the value of (14 - (-3 + -18)) + -22?
13
-22 + (6 - (4 + -20 + 14))
-14
What is the value of 15 - (22 + 4 + 0)?
-11
Evaluate 20 - ((22 - 2) + -11).
11
6 - -1 - 7 - ((-11 - -5) + 9)
-3
36 - 34 - (-11 + 1)
12
What is the value of 6 - (-63 + 60 + (-3 - 1) + -3)?
16
What is the value of -6 - (-30 - -8 - -27)?
-11
What is the value of 2 + (-5 - -15 - 20) + (2 - -3)?
-3
-3 + -3 - (-10 + 5 + (9 - 4))
-6
What is the value of -5 + -1 + -23 + 0 + 73 - 12?
32
Evaluate (-13 - (34 - 34)) + 1 + 2.
-10
Evaluate -14 - (7 + 12 + -32) - -2.
1
What is 2 + (17 - -9) + 1 + -5 + 0?
24
What is the value of -2 + -1 - (9 + (-8 + 5 - 8))?
-1
Evaluate 5 - (-19 + -21 - -30).
15
Calculate -21 + -15 + 40 + -11.
-7
0 - 5 - (20 + -32)
7
Calculate 15 - (1 + 6) - (-14 + 10).
12
Calculate -2 + -1 + 2 + (-17 - -5) + 6.
-7
Calculate (9 + -1 - (58 + -67)) + -12.
5
Evaluate 1 + 6 + -3 - (5 + -6 + 16).
-11
Evaluate -26 + -1 + -67 + 72 - -10.
-12
Calculate 26 - 12 - (-86 + 71).
29
What is the value of 6 - (-7 + (-3 - -8 - 1))?
9
Calculate (-18 + 7 - -1) + 6.
-4
-15 - (-24 + 11) - 8 - (-2 + 10)
-18
Calculate 14 + (-50 - -20) + 0 + -1.
-17
12 + 6 + (1 - 19) - (-22 - -1)
21
What is the value of (28 - 67) + 33 - -3?
-3
0 - 2 - 4 - (13 + -15 - 7)
3
Calculate (10 - 4) + (14 + 1 - 3).
18
What is (-1 - -14) + (-29 - (-22 + 0)) - 9?
-3
-15 - (-1 + -7 + (-5 - -4))
-6
Evaluate (7 - -1) + -995 + 1014.
27
Evaluate (9 - (16 - (19 - 10))) + 2 + -7.
-3
Evaluate -2 + 16 + 18 + (-6 - -1).
27
Evaluate 1 + 0 - (160 - 159) - (1 - -7).
-8
Evaluate 8 + (-8 - -6) + (12 - 6).
12
What is the value of -98 + 100 + (23 + -15 - (1 - -1))?
8
Evaluate 28 + -6 + (-58 - -25).
-11
13 + (-3 - 7) + -9 + -1 + 9
2
Calculate (-8 - (40 + -61)) + (11 - 1).
23
What is the value of -6 - (-6 - (-9 + 13)) - -3?
7
Calculate -28 + 39 - (1 - 0 - -11).
-1
3 + 1 + -5 - -9 - 5 - 7
-4
Calculate -28 - (5 - -1 - (-1 + -10 + 25)).
-20
(2 - -2) + 6 + 26 + -27
9
What is the value of -218 + 222 - (1 - 6)?
9
What is -4 + 0 + -5 + 5 - (-32 - -50)?
-22
Evaluate 22 + (-49 - -26) - -9.
8
What is 4 + 1 + (21 - 13 - (20 + 0))?
-7
Calculate -184 + 198 - (-3 + -2).
19
Calculate -11 + (-4 - 3 - -11).
-7
-26 + 20 + 8 + -18
-16
Evaluate (197 + -193 - (-11 - 1)) + 7 + 0.
23
What is (-22 + 11 - -3) + 7?
-1
What is the va